{"id":1732,"date":"2024-11-05T20:07:42","date_gmt":"2024-11-05T23:07:42","guid":{"rendered":"https:\/\/isfd168-bue.infd.edu.ar\/sitio\/?page_id=1732"},"modified":"2026-02-11T12:02:31","modified_gmt":"2026-02-11T15:02:31","slug":"inscripcion-2026","status":"publish","type":"page","link":"https:\/\/isfd168-bue.infd.edu.ar\/sitio\/inscripcion-2026\/","title":{"rendered":"Matriculaci\u00f3n 2026"},"content":{"rendered":"\n<p class=\"has-medium-font-size\">A partir del mes de diciembre estar\u00e1 abierta la matriculaci\u00f3n en el Instituto, Cr\u00e1mer N\u00b050. Dolores.<\/p>\n\n\n\n<p class=\"has-base-3-color has-accent-background-color has-text-color has-background\"><strong>Formularios de preinscripci\u00f3n<\/strong>:<\/p>\n\n\n\n<p class=\"has-medium-font-size\"><br>&#8211; <a rel=\"noreferrer noopener\" href=\"https:\/\/docs.google.com\/forms\/d\/195MIQKs7bgrPsFKWK5hNDfMkTQxu07BkBhKw8ddTi5w\" target=\"_blank\"><strong>Matem\u00e1tica<\/strong><\/a><\/p>\n\n\n\n<p class=\"has-medium-font-size\">&#8211; <a href=\"https:\/\/docs.google.com\/forms\/d\/1xjoELqBNbZnWT-LwZFY3Nvj8oeaCL7GG-qGu34t1Pso\"><strong>Geograf\u00eda<\/strong><\/a><\/p>\n\n\n\n<p class=\"has-accent-color has-text-color has-medium-font-size\"><strong>&#8211;<a href=\"https:\/\/docs.google.com\/forms\/d\/11CNjlr4QWPUU1Umf4BYiJijjjctYtAWzBL7rmZniQn4\/edit\"> Ingl\u00e9s<\/a><\/strong><\/p>\n\n\n\n<p class=\"has-medium-font-size\"><a href=\"https:\/\/docs.google.com\/forms\/d\/1ONNUiNoTGQSJdLTatABJwmNU1uqhozoBaH7qpffdixE\/edit\"><strong>&#8211; Lengua y Literatura<\/strong><\/a><\/p>\n\n\n\n<p class=\"has-medium-font-size\"><a href=\"https:\/\/docs.google.com\/forms\/d\/15RgMykAwccaQGIHKEBvLgoA-u6m0uUuV5cFUNj72V60\"><strong>&#8211; Biolog\u00eda \/ Qu\u00edmica<\/strong><\/a><\/p>\n\n\n\n<p class=\"has-accent-color has-text-color has-medium-font-size\"><a href=\"https:\/\/docs.google.com\/forms\/d\/15RgMykAwccaQGIHKEBvLgoA-u6m0uUuV5cFUNj72V60\">&#8211; <\/a><strong>Educaci\u00f3n<\/strong><strong> f\u00edsica<\/strong><\/p>\n\n\n\n<hr class=\"wp-block-separator has-alpha-channel-opacity\"\/>\n\n\n\n<p class=\"has-medium-font-size\"><strong>Carreras disponibles:<\/strong><\/p>\n\n\n<div class=\"wp-block-image\">\n<figure class=\"aligncenter size-full\"><img decoding=\"async\" loading=\"lazy\" width=\"473\" height=\"471\" src=\"https:\/\/isfd168-bue.infd.edu.ar\/sitio\/wp-content\/uploads\/2024\/12\/Screenshot_2.jpg\" alt=\"\" class=\"wp-image-1912\"\/><\/figure><\/div>\n\n\n<p class=\"has-medium-font-size\"><strong>Requisitos<\/strong>:<\/p>\n\n\n\n<div class=\"wp-block-columns is-layout-flex wp-container-3\">\n<div class=\"wp-block-column is-layout-flow\">\n<ul>\n<li class=\"has-medium-font-size\">Planilla de Inscripci\u00f3n.<\/li>\n\n\n\n<li class=\"has-medium-font-size\">Fotocopia DNI<\/li>\n\n\n\n<li class=\"has-medium-font-size\">Ficha m\u00e9dica<strong> (s\u00f3lo para Educaci\u00f3n F\u00edsica)<\/strong><\/li>\n\n\n\n<li class=\"has-medium-font-size\">Certificado de aptitud psicof\u00edsica<strong> (expedido por m\u00e9dico)<\/strong><\/li>\n\n\n\n<li class=\"has-medium-font-size\">T\u00edtulo secundario o certif. de t\u00edtulo en tr\u00e1mite.<\/li>\n\n\n\n<li class=\"has-medium-font-size\">Fotos carnet 4&#215;4 <strong>(dos).<\/strong><\/li>\n<\/ul>\n<\/div>\n\n\n\n<div class=\"wp-block-column is-layout-flow\">\n<div class=\"wp-block-file\"><a id=\"wp-block-file--media-2c5c7ccf-dd9c-4438-80bd-c29421c158c8\" href=\"https:\/\/isfd168-bue.infd.edu.ar\/sitio\/wp-content\/uploads\/2025\/11\/PLANILLA-INSCRIPCION-SUPERIOR-NUEVA-1.pdf\">PLANILLA-INSCRIPCION-SUPERIOR-NUEVA-1<\/a><a href=\"https:\/\/isfd168-bue.infd.edu.ar\/sitio\/wp-content\/uploads\/2025\/11\/PLANILLA-INSCRIPCION-SUPERIOR-NUEVA-1.pdf\" class=\"wp-block-file__button wp-element-button\" download aria-describedby=\"wp-block-file--media-2c5c7ccf-dd9c-4438-80bd-c29421c158c8\">Descarga<\/a><\/div>\n\n\n\n<div class=\"wp-block-file\"><a id=\"wp-block-file--media-1a072c30-2edd-4a27-b11e-32477e9ef8a0\" href=\"https:\/\/isfd168-bue.infd.edu.ar\/sitio\/wp-content\/uploads\/2025\/11\/Planilla-Salud-Educacion-Fisica-1.pdf\">Planilla-Salud-Educacion-Fisica-1<\/a><a href=\"https:\/\/isfd168-bue.infd.edu.ar\/sitio\/wp-content\/uploads\/2025\/11\/Planilla-Salud-Educacion-Fisica-1.pdf\" class=\"wp-block-file__button wp-element-button\" download aria-describedby=\"wp-block-file--media-1a072c30-2edd-4a27-b11e-32477e9ef8a0\">Descarga<\/a><\/div>\n<\/div>\n<\/div>\n","protected":false},"excerpt":{"rendered":"<p>A partir del mes de diciembre estar\u00e1 abierta la matriculaci\u00f3n en el Instituto, Cr\u00e1mer N\u00b050. Dolores. Formularios de preinscripci\u00f3n: &#8211; Matem\u00e1tica &#8211; Geograf\u00eda &#8211; Ingl\u00e9s &#8211; Lengua y Literatura &#8211; Biolog\u00eda \/ Qu\u00edmica &#8211; Educaci\u00f3n f\u00edsica Carreras disponibles: Requisitos:<\/p>\n","protected":false},"author":1290,"featured_media":0,"parent":0,"menu_order":0,"comment_status":"closed","ping_status":"closed","template":"","meta":[],"acf":[],"_links":{"self":[{"href":"https:\/\/isfd168-bue.infd.edu.ar\/sitio\/wp-json\/wp\/v2\/pages\/1732"}],"collection":[{"href":"https:\/\/isfd168-bue.infd.edu.ar\/sitio\/wp-json\/wp\/v2\/pages"}],"about":[{"href":"https:\/\/isfd168-bue.infd.edu.ar\/sitio\/wp-json\/wp\/v2\/types\/page"}],"author":[{"embeddable":true,"href":"https:\/\/isfd168-bue.infd.edu.ar\/sitio\/wp-json\/wp\/v2\/users\/1290"}],"replies":[{"embeddable":true,"href":"https:\/\/isfd168-bue.infd.edu.ar\/sitio\/wp-json\/wp\/v2\/comments?post=1732"}],"version-history":[{"count":11,"href":"https:\/\/isfd168-bue.infd.edu.ar\/sitio\/wp-json\/wp\/v2\/pages\/1732\/revisions"}],"predecessor-version":[{"id":2004,"href":"https:\/\/isfd168-bue.infd.edu.ar\/sitio\/wp-json\/wp\/v2\/pages\/1732\/revisions\/2004"}],"wp:attachment":[{"href":"https:\/\/isfd168-bue.infd.edu.ar\/sitio\/wp-json\/wp\/v2\/media?parent=1732"}],"curies":[{"name":"wp","href":"https:\/\/api.w.org\/{rel}","templated":true}]}}