{"id":1976,"date":"2025-06-13T19:40:41","date_gmt":"2025-06-13T22:40:41","guid":{"rendered":"https:\/\/isfd168-bue.infd.edu.ar\/sitio\/?page_id=1976"},"modified":"2025-06-13T19:40:43","modified_gmt":"2025-06-13T22:40:43","slug":"tramo-pedagogico-2025","status":"publish","type":"page","link":"https:\/\/isfd168-bue.infd.edu.ar\/sitio\/tramo-pedagogico-2025\/","title":{"rendered":"Tramo Pedag\u00f3gico 2025"},"content":{"rendered":"<style>.wp-show-posts-columns#wpsp-1975 {margin-left: -2em; }.wp-show-posts-columns#wpsp-1975 .wp-show-posts-inner {margin: 0 0 2em 2em; }<\/style><section id=\"wpsp-1975\" class=\" wp-show-posts-columns wp-show-posts\" style=\"\"><article class=\" wp-show-posts-single post-1971 post type-post status-publish format-standard has-post-thumbnail hentry category-noticias category-tramo-pedagogico wpsp-col-6\" itemtype=\"http:\/\/schema.org\/CreativeWork\" itemscope><div class=\"wp-show-posts-inner\" style=\"\">\t\t\t\t\t\t<header class=\"wp-show-posts-entry-header\">\n\t\t\t\t\t\t\t<h2 class=\"wp-show-posts-entry-title\" itemprop=\"headline\"><a href=\"https:\/\/isfd168-bue.infd.edu.ar\/sitio\/cobertura-de-catedras-para-el-tramo-pedagogico-2025\/\" rel=\"bookmark\">Cobertura de c\u00e1tedras para el Tramo Pedag\u00f3gico 2025<\/a><\/h2><div class=\"wp-show-posts-entry-meta wp-show-posts-entry-meta-below-title post-meta-inline\"><span class=\"wp-show-posts-posted-on wp-show-posts-meta\">\n\t\t\t\t\t<a href=\"https:\/\/isfd168-bue.infd.edu.ar\/sitio\/cobertura-de-catedras-para-el-tramo-pedagogico-2025\/\" title=\"7:35 pm\" rel=\"bookmark\"><time class=\"wp-show-posts-entry-date published\" datetime=\"2025-06-13T19:35:21-03:00\" itemprop=\"datePublished\">13 junio, 2025<\/time><time class=\"wp-show-posts-updated\" datetime=\"2025-06-13T19:35:23-03:00\" itemprop=\"dateModified\">13 junio, 2025<\/time><\/a>\n\t\t\t\t<\/span><\/div>\t\t\t\t\t\t<\/header><!-- .entry-header -->\n\t\t\t\t\t\t\t<div class=\"wp-show-posts-image  wpsp-image-center \">\n\t\t\t<a href=\"https:\/\/isfd168-bue.infd.edu.ar\/sitio\/cobertura-de-catedras-para-el-tramo-pedagogico-2025\/\"  title=\"Cobertura de c\u00e1tedras para el Tramo Pedag\u00f3gico 2025\"><img width=\"828\" height=\"987\" src=\"https:\/\/isfd168-bue.infd.edu.ar\/sitio\/wp-content\/uploads\/2025\/03\/logo.jpeg\" class=\"attachment-full size-full wp-post-image\" alt=\"\" decoding=\"async\" loading=\"lazy\" itemprop=\"image\" srcset=\"https:\/\/isfd168-bue.infd.edu.ar\/sitio\/wp-content\/uploads\/2025\/03\/logo.jpeg 828w, https:\/\/isfd168-bue.infd.edu.ar\/sitio\/wp-content\/uploads\/2025\/03\/logo-768x915.jpeg 768w\" sizes=\"(max-width: 828px) 100vw, 828px\" \/><\/a>\t\t<\/div>\n\t\t\t\t\t\t\t\t<div class=\"wp-show-posts-entry-summary\" itemprop=\"text\">\n\t\t\t\t\t\t\t<p>Compartimos difusi\u00f3n de cobertura de c\u00e1tedras para el tramo para su difusi\u00f3n.<\/p>\n\t\t\t\t\t\t<\/div><!-- .entry-summary -->\n\t\t\t\t\t<\/div><!-- wp-show-posts-inner --><\/article><article class=\" wp-show-posts-single post-1964 post type-post status-publish format-standard has-post-thumbnail hentry category-noticias category-tramo-pedagogico wpsp-col-6\" itemtype=\"http:\/\/schema.org\/CreativeWork\" itemscope><div class=\"wp-show-posts-inner\" style=\"\">\t\t\t\t\t\t<header class=\"wp-show-posts-entry-header\">\n\t\t\t\t\t\t\t<h2 class=\"wp-show-posts-entry-title\" itemprop=\"headline\"><a href=\"https:\/\/isfd168-bue.infd.edu.ar\/sitio\/tramo-pedagogico-2025\/\" rel=\"bookmark\">Tramo pedag\u00f3gico 2025<\/a><\/h2><div class=\"wp-show-posts-entry-meta wp-show-posts-entry-meta-below-title post-meta-inline\"><span class=\"wp-show-posts-posted-on wp-show-posts-meta\">\n\t\t\t\t\t<a href=\"https:\/\/isfd168-bue.infd.edu.ar\/sitio\/tramo-pedagogico-2025\/\" title=\"6:45 pm\" rel=\"bookmark\"><time class=\"wp-show-posts-entry-date published\" datetime=\"2025-06-13T18:45:45-03:00\" itemprop=\"datePublished\">13 junio, 2025<\/time><time class=\"wp-show-posts-updated\" datetime=\"2025-06-13T19:37:05-03:00\" itemprop=\"dateModified\">13 junio, 2025<\/time><\/a>\n\t\t\t\t<\/span><\/div>\t\t\t\t\t\t<\/header><!-- .entry-header -->\n\t\t\t\t\t\t\t<div class=\"wp-show-posts-image  wpsp-image-center \">\n\t\t\t<a href=\"https:\/\/isfd168-bue.infd.edu.ar\/sitio\/tramo-pedagogico-2025\/\"  title=\"Tramo pedag\u00f3gico 2025\"><img width=\"1080\" height=\"1080\" src=\"https:\/\/isfd168-bue.infd.edu.ar\/sitio\/wp-content\/uploads\/2025\/06\/WhatsApp-Image-2025-06-11-at-15.30.57.jpeg\" class=\"attachment-full size-full wp-post-image\" alt=\"\" decoding=\"async\" loading=\"lazy\" itemprop=\"image\" srcset=\"https:\/\/isfd168-bue.infd.edu.ar\/sitio\/wp-content\/uploads\/2025\/06\/WhatsApp-Image-2025-06-11-at-15.30.57.jpeg 1080w, https:\/\/isfd168-bue.infd.edu.ar\/sitio\/wp-content\/uploads\/2025\/06\/WhatsApp-Image-2025-06-11-at-15.30.57-1000x1000.jpeg 1000w, https:\/\/isfd168-bue.infd.edu.ar\/sitio\/wp-content\/uploads\/2025\/06\/WhatsApp-Image-2025-06-11-at-15.30.57-500x500.jpeg 500w, https:\/\/isfd168-bue.infd.edu.ar\/sitio\/wp-content\/uploads\/2025\/06\/WhatsApp-Image-2025-06-11-at-15.30.57-768x768.jpeg 768w\" sizes=\"(max-width: 1080px) 100vw, 1080px\" \/><\/a>\t\t<\/div>\n\t\t\t\t\t\t\t\t<div class=\"wp-show-posts-entry-summary\" itemprop=\"text\">\n\t\t\t\t\t\t\t<p>&#x1f4e2; \u00a1Nueva cohorte 2025 del Tramo de Formaci\u00f3n Pedag\u00f3gica!El Instituto Superior de Formaci\u00f3n Docente N\u00ba 168 de Dolores abre la inscripci\u00f3n para una nueva cohorte del Tramo de Formaci\u00f3n Pedag\u00f3gica,&#8230;<\/p>\n\t\t\t\t\t\t<\/div><!-- .entry-summary -->\n\t\t\t\t\t<\/div><!-- wp-show-posts-inner --><\/article><div class=\"wpsp-clear\"><\/div><\/section><!-- .wp-show-posts -->\n","protected":false},"excerpt":{"rendered":"","protected":false},"author":1290,"featured_media":0,"parent":0,"menu_order":0,"comment_status":"closed","ping_status":"closed","template":"","meta":[],"acf":[],"_links":{"self":[{"href":"https:\/\/isfd168-bue.infd.edu.ar\/sitio\/wp-json\/wp\/v2\/pages\/1976"}],"collection":[{"href":"https:\/\/isfd168-bue.infd.edu.ar\/sitio\/wp-json\/wp\/v2\/pages"}],"about":[{"href":"https:\/\/isfd168-bue.infd.edu.ar\/sitio\/wp-json\/wp\/v2\/types\/page"}],"author":[{"embeddable":true,"href":"https:\/\/isfd168-bue.infd.edu.ar\/sitio\/wp-json\/wp\/v2\/users\/1290"}],"replies":[{"embeddable":true,"href":"https:\/\/isfd168-bue.infd.edu.ar\/sitio\/wp-json\/wp\/v2\/comments?post=1976"}],"version-history":[{"count":1,"href":"https:\/\/isfd168-bue.infd.edu.ar\/sitio\/wp-json\/wp\/v2\/pages\/1976\/revisions"}],"predecessor-version":[{"id":1977,"href":"https:\/\/isfd168-bue.infd.edu.ar\/sitio\/wp-json\/wp\/v2\/pages\/1976\/revisions\/1977"}],"wp:attachment":[{"href":"https:\/\/isfd168-bue.infd.edu.ar\/sitio\/wp-json\/wp\/v2\/media?parent=1976"}],"curies":[{"name":"wp","href":"https:\/\/api.w.org\/{rel}","templated":true}]}}