{"id":879,"date":"2024-08-23T21:16:29","date_gmt":"2024-08-24T00:16:29","guid":{"rendered":"https:\/\/isfd168-bue.infd.edu.ar\/sitio\/?page_id=879"},"modified":"2024-09-20T21:55:24","modified_gmt":"2024-09-21T00:55:24","slug":"profesorados","status":"publish","type":"page","link":"https:\/\/isfd168-bue.infd.edu.ar\/sitio\/profesorados\/","title":{"rendered":"Carreras"},"content":{"rendered":"<h3><strong>Estudia con nosotros:<\/strong><\/h3>\n<style>.wp-show-posts-columns#wpsp-872 {margin-left: -2em; }.wp-show-posts-columns#wpsp-872 .wp-show-posts-inner {margin: 0 0 2em 2em; }<\/style><section id=\"wpsp-872\" class=\" wp-show-posts\" style=\"\"><article class=\" wp-show-posts-single wpsp-clearfix post-877 post type-post status-publish format-standard has-post-thumbnail hentry category-profesorados\" itemtype=\"http:\/\/schema.org\/CreativeWork\" itemscope><div class=\"wp-show-posts-inner\" style=\"\">\t\t\t\t\t\t<header class=\"wp-show-posts-entry-header\">\n\t\t\t\t\t\t\t<h5 class=\"wp-show-posts-entry-title\" itemprop=\"headline\"><a href=\"https:\/\/isfd168-bue.infd.edu.ar\/sitio\/geografia\/\" rel=\"bookmark\">Profesorado de Educaci\u00f3n Secundaria en Geograf\u00eda<\/a><\/h5>\t\t\t\t\t\t<\/header><!-- .entry-header -->\n\t\t\t\t\t<\/div><!-- wp-show-posts-inner --><div class=\"wpsp-clear\"><\/div><\/article><article class=\" wp-show-posts-single wpsp-clearfix post-888 post type-post status-publish format-standard has-post-thumbnail hentry category-profesorados\" itemtype=\"http:\/\/schema.org\/CreativeWork\" itemscope><div class=\"wp-show-posts-inner\" style=\"\">\t\t\t\t\t\t<header class=\"wp-show-posts-entry-header\">\n\t\t\t\t\t\t\t<h5 class=\"wp-show-posts-entry-title\" itemprop=\"headline\"><a href=\"https:\/\/isfd168-bue.infd.edu.ar\/sitio\/matematica\/\" rel=\"bookmark\">Profesorado de Educaci\u00f3n Secundaria en Matem\u00e1tica<\/a><\/h5>\t\t\t\t\t\t<\/header><!-- .entry-header -->\n\t\t\t\t\t<\/div><!-- wp-show-posts-inner --><div class=\"wpsp-clear\"><\/div><\/article><article class=\" wp-show-posts-single wpsp-clearfix post-891 post type-post status-publish format-standard has-post-thumbnail hentry category-profesorados\" itemtype=\"http:\/\/schema.org\/CreativeWork\" itemscope><div class=\"wp-show-posts-inner\" style=\"\">\t\t\t\t\t\t<header class=\"wp-show-posts-entry-header\">\n\t\t\t\t\t\t\t<h5 class=\"wp-show-posts-entry-title\" itemprop=\"headline\"><a href=\"https:\/\/isfd168-bue.infd.edu.ar\/sitio\/biologia\/\" rel=\"bookmark\">Profesorado de Educaci\u00f3n secundaria en Biolog\u00eda<\/a><\/h5>\t\t\t\t\t\t<\/header><!-- .entry-header -->\n\t\t\t\t\t<\/div><!-- wp-show-posts-inner --><div class=\"wpsp-clear\"><\/div><\/article><article class=\" wp-show-posts-single wpsp-clearfix post-893 post type-post status-publish format-standard has-post-thumbnail hentry category-profesorados\" itemtype=\"http:\/\/schema.org\/CreativeWork\" itemscope><div class=\"wp-show-posts-inner\" style=\"\">\t\t\t\t\t\t<header class=\"wp-show-posts-entry-header\">\n\t\t\t\t\t\t\t<h5 class=\"wp-show-posts-entry-title\" itemprop=\"headline\"><a href=\"https:\/\/isfd168-bue.infd.edu.ar\/sitio\/educacion-fisica\/\" rel=\"bookmark\">Profesorado de Educaci\u00f3n Secundaria en Educaci\u00f3n F\u00edsica<\/a><\/h5>\t\t\t\t\t\t<\/header><!-- .entry-header -->\n\t\t\t\t\t<\/div><!-- wp-show-posts-inner --><div class=\"wpsp-clear\"><\/div><\/article><article class=\" wp-show-posts-single wpsp-clearfix post-896 post type-post status-publish format-standard has-post-thumbnail hentry category-profesorados\" itemtype=\"http:\/\/schema.org\/CreativeWork\" itemscope><div class=\"wp-show-posts-inner\" style=\"\">\t\t\t\t\t\t<header class=\"wp-show-posts-entry-header\">\n\t\t\t\t\t\t\t<h5 class=\"wp-show-posts-entry-title\" itemprop=\"headline\"><a href=\"https:\/\/isfd168-bue.infd.edu.ar\/sitio\/ingles\/\" rel=\"bookmark\">Profesorado de Educaci\u00f3n Secundaria en Ingl\u00e9s<\/a><\/h5>\t\t\t\t\t\t<\/header><!-- .entry-header -->\n\t\t\t\t\t<\/div><!-- wp-show-posts-inner --><div class=\"wpsp-clear\"><\/div><\/article><article class=\" wp-show-posts-single wpsp-clearfix post-898 post type-post status-publish format-standard has-post-thumbnail hentry category-profesorados\" itemtype=\"http:\/\/schema.org\/CreativeWork\" itemscope><div class=\"wp-show-posts-inner\" style=\"\">\t\t\t\t\t\t<header class=\"wp-show-posts-entry-header\">\n\t\t\t\t\t\t\t<h5 class=\"wp-show-posts-entry-title\" itemprop=\"headline\"><a href=\"https:\/\/isfd168-bue.infd.edu.ar\/sitio\/lengua-y-literatura\/\" rel=\"bookmark\">Profesorado de Educaci\u00f3n Secundaria en Lengua y Literatura<\/a><\/h5>\t\t\t\t\t\t<\/header><!-- .entry-header -->\n\t\t\t\t\t<\/div><!-- wp-show-posts-inner --><div class=\"wpsp-clear\"><\/div><\/article><article class=\" wp-show-posts-single wpsp-clearfix post-1272 post type-post status-publish format-standard hentry category-profesorados\" itemtype=\"http:\/\/schema.org\/CreativeWork\" itemscope><div class=\"wp-show-posts-inner\" style=\"\">\t\t\t\t\t\t<header class=\"wp-show-posts-entry-header\">\n\t\t\t\t\t\t\t<h5 class=\"wp-show-posts-entry-title\" itemprop=\"headline\"><a href=\"https:\/\/isfd168-bue.infd.edu.ar\/sitio\/profesorado-de-educacion-secundaria-en-filosofia\/\" rel=\"bookmark\">Profesorado De Educaci\u00f3n Secundaria en  Filosof\u00eda<\/a><\/h5>\t\t\t\t\t\t<\/header><!-- .entry-header -->\n\t\t\t\t\t<\/div><!-- wp-show-posts-inner --><div class=\"wpsp-clear\"><\/div><\/article><article class=\" wp-show-posts-single wpsp-clearfix post-1275 post type-post status-publish format-standard hentry category-profesorados\" itemtype=\"http:\/\/schema.org\/CreativeWork\" itemscope><div class=\"wp-show-posts-inner\" style=\"\">\t\t\t\t\t\t<header class=\"wp-show-posts-entry-header\">\n\t\t\t\t\t\t\t<h5 class=\"wp-show-posts-entry-title\" itemprop=\"headline\"><a href=\"https:\/\/isfd168-bue.infd.edu.ar\/sitio\/profesorado-de-educacion-secundaria-en-psicologia\/\" rel=\"bookmark\">Profesorado de Educaci\u00f3n Secundaria en Psicolog\u00eda<\/a><\/h5>\t\t\t\t\t\t<\/header><!-- .entry-header -->\n\t\t\t\t\t<\/div><!-- wp-show-posts-inner --><div class=\"wpsp-clear\"><\/div><\/article><\/section><!-- .wp-show-posts -->\n<h3><strong>Nuestras producciones:<\/strong><\/h3>\n<style>.wp-show-posts-columns#wpsp-1058 {margin-left: -2em; }.wp-show-posts-columns#wpsp-1058 .wp-show-posts-inner {margin: 0 0 2em 2em; }<\/style><section id=\"wpsp-1058\" class=\" wp-show-posts-columns wp-show-posts\" style=\"\"><article class=\" wp-show-posts-single post-1859 post type-post status-publish format-standard has-post-thumbnail hentry category-producciones wpsp-col-3\" itemtype=\"http:\/\/schema.org\/CreativeWork\" itemscope><div class=\"wp-show-posts-inner\" style=\"\">\t\t\t\t\t\t<header class=\"wp-show-posts-entry-header\">\n\t\t\t\t\t\t\t<h5 class=\"wp-show-posts-entry-title\" itemprop=\"headline\"><a href=\"https:\/\/isfd168-bue.infd.edu.ar\/sitio\/presentacion-prof-de-biologia\/\" rel=\"bookmark\">Presentaci\u00f3n Prof. de Biolog\u00eda<\/a><\/h5><div class=\"wp-show-posts-entry-meta wp-show-posts-entry-meta-below-title post-meta-inline\"><span class=\"wp-show-posts-posted-on wp-show-posts-meta\">\n\t\t\t\t\t<a href=\"https:\/\/isfd168-bue.infd.edu.ar\/sitio\/presentacion-prof-de-biologia\/\" title=\"9:50 pm\" rel=\"bookmark\"><time class=\"wp-show-posts-entry-date published\" datetime=\"2024-11-08T21:50:56-03:00\" itemprop=\"datePublished\">8 noviembre, 2024<\/time><time class=\"wp-show-posts-updated\" datetime=\"2024-11-08T21:54:22-03:00\" itemprop=\"dateModified\">8 noviembre, 2024<\/time><\/a>\n\t\t\t\t<\/span><\/div>\t\t\t\t\t\t<\/header><!-- .entry-header -->\n\t\t\t\t\t\t\t<div class=\"wp-show-posts-image  wpsp-image-center \">\n\t\t\t<a href=\"https:\/\/isfd168-bue.infd.edu.ar\/sitio\/presentacion-prof-de-biologia\/\"  title=\"Presentaci\u00f3n Prof. de Biolog\u00eda\">\t\t\t\t\t<img src=\"https:\/\/isfd168-bue.infd.edu.ar\/sitio\/wp-content\/uploads\/2024\/11\/biologia-colegio-12631122-200x200.png\" alt=\"Presentaci\u00f3n Prof. de Biolog\u00eda\" itemprop=\"image\" class=\"center\" \/>\n\t\t\t\t<\/a>\t\t<\/div>\n\t\t\t\t\t\t\t\t<div class=\"wp-show-posts-entry-summary\" itemprop=\"text\">\n\t\t\t\t\t\t\t<p>Presentaci\u00f3n de audiovisual del profesorado de Geograf\u00eda.<\/p>\n\t\t\t\t\t\t<\/div><!-- .entry-summary -->\n\t\t\t\t\t<div class=\"wpsp-read-more\"><a title=\"Presentaci\u00f3n Prof. de Biolog\u00eda\" class=\"wp-show-posts-read-more\" href=\"https:\/\/isfd168-bue.infd.edu.ar\/sitio\/presentacion-prof-de-biologia\/\">ver mas<\/a><\/div><\/div><!-- wp-show-posts-inner --><\/article><article class=\" wp-show-posts-single post-1856 post type-post status-publish format-standard has-post-thumbnail hentry category-producciones wpsp-col-3\" itemtype=\"http:\/\/schema.org\/CreativeWork\" itemscope><div class=\"wp-show-posts-inner\" style=\"\">\t\t\t\t\t\t<header class=\"wp-show-posts-entry-header\">\n\t\t\t\t\t\t\t<h5 class=\"wp-show-posts-entry-title\" itemprop=\"headline\"><a href=\"https:\/\/isfd168-bue.infd.edu.ar\/sitio\/presentacion-prof-geografia\/\" rel=\"bookmark\">Presentaci\u00f3n Prof. Geograf\u00eda<\/a><\/h5><div class=\"wp-show-posts-entry-meta wp-show-posts-entry-meta-below-title post-meta-inline\"><span class=\"wp-show-posts-posted-on wp-show-posts-meta\">\n\t\t\t\t\t<a href=\"https:\/\/isfd168-bue.infd.edu.ar\/sitio\/presentacion-prof-geografia\/\" title=\"9:46 pm\" rel=\"bookmark\"><time class=\"wp-show-posts-entry-date published\" datetime=\"2024-11-08T21:46:26-03:00\" itemprop=\"datePublished\">8 noviembre, 2024<\/time><time class=\"wp-show-posts-updated\" datetime=\"2024-11-08T21:53:32-03:00\" itemprop=\"dateModified\">8 noviembre, 2024<\/time><\/a>\n\t\t\t\t<\/span><\/div>\t\t\t\t\t\t<\/header><!-- .entry-header -->\n\t\t\t\t\t\t\t<div class=\"wp-show-posts-image  wpsp-image-center \">\n\t\t\t<a href=\"https:\/\/isfd168-bue.infd.edu.ar\/sitio\/presentacion-prof-geografia\/\"  title=\"Presentaci\u00f3n Prof. Geograf\u00eda\">\t\t\t\t\t<img src=\"https:\/\/isfd168-bue.infd.edu.ar\/sitio\/wp-content\/uploads\/2024\/11\/tipos-de-graficos-geografia-200x200.jpg\" alt=\"Presentaci\u00f3n Prof. Geograf\u00eda\" itemprop=\"image\" class=\"center\" \/>\n\t\t\t\t<\/a>\t\t<\/div>\n\t\t\t\t\t\t\t\t<div class=\"wp-show-posts-entry-summary\" itemprop=\"text\">\n\t\t\t\t\t\t\t<p>Presentaci\u00f3n de audiovisual del profesorado de Geograf\u00eda.<\/p>\n\t\t\t\t\t\t<\/div><!-- .entry-summary -->\n\t\t\t\t\t<div class=\"wpsp-read-more\"><a title=\"Presentaci\u00f3n Prof. Geograf\u00eda\" class=\"wp-show-posts-read-more\" href=\"https:\/\/isfd168-bue.infd.edu.ar\/sitio\/presentacion-prof-geografia\/\">ver mas<\/a><\/div><\/div><!-- wp-show-posts-inner --><\/article><article class=\" wp-show-posts-single post-1453 post type-post status-publish format-standard has-post-thumbnail hentry category-noticias category-producciones wpsp-col-3\" itemtype=\"http:\/\/schema.org\/CreativeWork\" itemscope><div class=\"wp-show-posts-inner\" style=\"\">\t\t\t\t\t\t<header class=\"wp-show-posts-entry-header\">\n\t\t\t\t\t\t\t<h5 class=\"wp-show-posts-entry-title\" itemprop=\"headline\"><a href=\"https:\/\/isfd168-bue.infd.edu.ar\/sitio\/fotos-de-la-jornada-de-geografia\/\" rel=\"bookmark\">2\u00b0 Jornada de Geograf\u00eda de ISFD de la Provincia de Buenos Aires<\/a><\/h5><div class=\"wp-show-posts-entry-meta wp-show-posts-entry-meta-below-title post-meta-inline\"><span class=\"wp-show-posts-posted-on wp-show-posts-meta\">\n\t\t\t\t\t<a href=\"https:\/\/isfd168-bue.infd.edu.ar\/sitio\/fotos-de-la-jornada-de-geografia\/\" title=\"7:11 pm\" rel=\"bookmark\"><time class=\"wp-show-posts-entry-date published\" datetime=\"2024-10-15T19:11:50-03:00\" itemprop=\"datePublished\">15 octubre, 2024<\/time><time class=\"wp-show-posts-updated\" datetime=\"2024-10-29T18:33:16-03:00\" itemprop=\"dateModified\">29 octubre, 2024<\/time><\/a>\n\t\t\t\t<\/span><\/div>\t\t\t\t\t\t<\/header><!-- .entry-header -->\n\t\t\t\t\t\t\t<div class=\"wp-show-posts-image  wpsp-image-center \">\n\t\t\t<a href=\"https:\/\/isfd168-bue.infd.edu.ar\/sitio\/fotos-de-la-jornada-de-geografia\/\"  title=\"2\u00b0 Jornada de Geograf\u00eda de ISFD de la Provincia de Buenos Aires\">\t\t\t\t\t<img src=\"https:\/\/isfd168-bue.infd.edu.ar\/sitio\/wp-content\/uploads\/2024\/10\/WhatsApp-Image-2024-10-15-at-20.51.46-200x200.jpeg\" alt=\"2\u00b0 Jornada de Geograf\u00eda de ISFD de la Provincia de Buenos Aires\" itemprop=\"image\" class=\"center\" \/>\n\t\t\t\t<\/a>\t\t<\/div>\n\t\t\t\t\t\t\t\t<div class=\"wp-show-posts-entry-summary\" itemprop=\"text\">\n\t\t\t\t\t\t\t<p>El 09 de octubre de 2024 se llev\u00f3 a cabo la 2\u00b0 Jornada de Geograf\u00eda de ISFD de la Provincia de Buenos Aires.Las palabras de bienvenida estuvieron a cargo del&#8230;<\/p>\n\t\t\t\t\t\t<\/div><!-- .entry-summary -->\n\t\t\t\t\t<div class=\"wpsp-read-more\"><a title=\"2\u00b0 Jornada de Geograf\u00eda de ISFD de la Provincia de Buenos Aires\" class=\"wp-show-posts-read-more\" href=\"https:\/\/isfd168-bue.infd.edu.ar\/sitio\/fotos-de-la-jornada-de-geografia\/\">ver mas<\/a><\/div><\/div><!-- wp-show-posts-inner --><\/article><article class=\" wp-show-posts-single post-1320 post type-post status-publish format-standard has-post-thumbnail hentry category-noticias category-producciones wpsp-col-3\" itemtype=\"http:\/\/schema.org\/CreativeWork\" itemscope><div class=\"wp-show-posts-inner\" style=\"\">\t\t\t\t\t\t<header class=\"wp-show-posts-entry-header\">\n\t\t\t\t\t\t\t<h5 class=\"wp-show-posts-entry-title\" itemprop=\"headline\"><a href=\"https:\/\/isfd168-bue.infd.edu.ar\/sitio\/x-jornada-de-intercambio-de-experiencias-educativas\/\" rel=\"bookmark\">X Jornada de Intercambio de Experiencias Educativas<\/a><\/h5><div class=\"wp-show-posts-entry-meta wp-show-posts-entry-meta-below-title post-meta-inline\"><span class=\"wp-show-posts-posted-on wp-show-posts-meta\">\n\t\t\t\t\t<a href=\"https:\/\/isfd168-bue.infd.edu.ar\/sitio\/x-jornada-de-intercambio-de-experiencias-educativas\/\" title=\"6:54 pm\" rel=\"bookmark\"><time class=\"wp-show-posts-entry-date published\" datetime=\"2024-10-01T18:54:44-03:00\" itemprop=\"datePublished\">1 octubre, 2024<\/time><time class=\"wp-show-posts-updated\" datetime=\"2024-10-29T18:37:00-03:00\" itemprop=\"dateModified\">29 octubre, 2024<\/time><\/a>\n\t\t\t\t<\/span><\/div>\t\t\t\t\t\t<\/header><!-- .entry-header -->\n\t\t\t\t\t\t\t<div class=\"wp-show-posts-image  wpsp-image-center \">\n\t\t\t<a href=\"https:\/\/isfd168-bue.infd.edu.ar\/sitio\/x-jornada-de-intercambio-de-experiencias-educativas\/\"  title=\"X Jornada de Intercambio de Experiencias Educativas\">\t\t\t\t\t<img src=\"https:\/\/isfd168-bue.infd.edu.ar\/sitio\/wp-content\/uploads\/2024\/10\/WhatsApp-Image-2024-09-29-at-13.30.01-200x200.jpeg\" alt=\"X Jornada de Intercambio de Experiencias Educativas\" itemprop=\"image\" class=\"center\" \/>\n\t\t\t\t<\/a>\t\t<\/div>\n\t\t\t\t\t\t\t\t<div class=\"wp-show-posts-entry-summary\" itemprop=\"text\">\n\t\t\t\t\t\t\t<p>El viernes 27 pasado se llev\u00f3 a cabo la d\u00e9cima edici\u00f3n de la jornada en la que pudimos compartir wnriquecedoras experiencias educativas de todo tipo.<\/p>\n\t\t\t\t\t\t<\/div><!-- .entry-summary -->\n\t\t\t\t\t<div class=\"wpsp-read-more\"><a title=\"X Jornada de Intercambio de Experiencias Educativas\" class=\"wp-show-posts-read-more\" href=\"https:\/\/isfd168-bue.infd.edu.ar\/sitio\/x-jornada-de-intercambio-de-experiencias-educativas\/\">ver mas<\/a><\/div><\/div><!-- wp-show-posts-inner --><\/article><article class=\" wp-show-posts-single post-1239 post type-post status-publish format-standard has-post-thumbnail hentry category-producciones wpsp-col-3\" itemtype=\"http:\/\/schema.org\/CreativeWork\" itemscope><div class=\"wp-show-posts-inner\" style=\"\">\t\t\t\t\t\t<header class=\"wp-show-posts-entry-header\">\n\t\t\t\t\t\t\t<h5 class=\"wp-show-posts-entry-title\" itemprop=\"headline\"><a href=\"https:\/\/isfd168-bue.infd.edu.ar\/sitio\/ley-1420\/\" rel=\"bookmark\">Presentaci\u00f3n: Ley 1420<\/a><\/h5><div class=\"wp-show-posts-entry-meta wp-show-posts-entry-meta-below-title post-meta-inline\"><span class=\"wp-show-posts-posted-on wp-show-posts-meta\">\n\t\t\t\t\t<a href=\"https:\/\/isfd168-bue.infd.edu.ar\/sitio\/ley-1420\/\" title=\"9:31 pm\" rel=\"bookmark\"><time class=\"wp-show-posts-entry-date published\" datetime=\"2024-09-20T21:31:02-03:00\" itemprop=\"datePublished\">20 septiembre, 2024<\/time><time class=\"wp-show-posts-updated\" datetime=\"2024-09-20T21:34:16-03:00\" itemprop=\"dateModified\">20 septiembre, 2024<\/time><\/a>\n\t\t\t\t<\/span><\/div>\t\t\t\t\t\t<\/header><!-- .entry-header -->\n\t\t\t\t\t\t\t<div class=\"wp-show-posts-image  wpsp-image-center \">\n\t\t\t<a href=\"https:\/\/isfd168-bue.infd.edu.ar\/sitio\/ley-1420\/\"  title=\"Presentaci\u00f3n: Ley 1420\">\t\t\t\t\t<img src=\"https:\/\/isfd168-bue.infd.edu.ar\/sitio\/wp-content\/uploads\/2024\/09\/Screenshot_1-200x200.png\" alt=\"Presentaci\u00f3n: Ley 1420\" itemprop=\"image\" class=\"center\" \/>\n\t\t\t\t<\/a>\t\t<\/div>\n\t\t\t\t\t\t\t\t<div class=\"wp-show-posts-entry-summary\" itemprop=\"text\">\n\t\t\t\t\t\t\t<p>Estudiantes del los Profesorados de Filosof\u00eda y Biolog\u00eda del ISFD 168 realizaron la siguiente presentaci\u00f3n sobre la ley 1420.<\/p>\n\t\t\t\t\t\t<\/div><!-- .entry-summary -->\n\t\t\t\t\t<div class=\"wpsp-read-more\"><a title=\"Presentaci\u00f3n: Ley 1420\" class=\"wp-show-posts-read-more\" href=\"https:\/\/isfd168-bue.infd.edu.ar\/sitio\/ley-1420\/\">ver mas<\/a><\/div><\/div><!-- wp-show-posts-inner --><\/article><article class=\" wp-show-posts-single post-1055 post type-post status-publish format-standard has-post-thumbnail hentry category-producciones wpsp-col-3\" itemtype=\"http:\/\/schema.org\/CreativeWork\" itemscope><div class=\"wp-show-posts-inner\" style=\"\">\t\t\t\t\t\t<header class=\"wp-show-posts-entry-header\">\n\t\t\t\t\t\t\t<h5 class=\"wp-show-posts-entry-title\" itemprop=\"headline\"><a href=\"https:\/\/isfd168-bue.infd.edu.ar\/sitio\/matemateando\/\" rel=\"bookmark\">Matemateando<\/a><\/h5><div class=\"wp-show-posts-entry-meta wp-show-posts-entry-meta-below-title post-meta-inline\"><span class=\"wp-show-posts-posted-on wp-show-posts-meta\">\n\t\t\t\t\t<a href=\"https:\/\/isfd168-bue.infd.edu.ar\/sitio\/matemateando\/\" title=\"7:54 pm\" rel=\"bookmark\"><time class=\"wp-show-posts-entry-date published\" datetime=\"2024-09-03T19:54:23-03:00\" itemprop=\"datePublished\">3 septiembre, 2024<\/time><time class=\"wp-show-posts-updated\" datetime=\"2024-09-06T21:26:43-03:00\" itemprop=\"dateModified\">6 septiembre, 2024<\/time><\/a>\n\t\t\t\t<\/span><\/div>\t\t\t\t\t\t<\/header><!-- .entry-header -->\n\t\t\t\t\t\t\t<div class=\"wp-show-posts-image  wpsp-image-center \">\n\t\t\t<a href=\"https:\/\/isfd168-bue.infd.edu.ar\/sitio\/matemateando\/\"  title=\"Matemateando\">\t\t\t\t\t<img src=\"https:\/\/isfd168-bue.infd.edu.ar\/sitio\/wp-content\/uploads\/2024\/09\/borrar-200x200.png\" alt=\"Matemateando\" itemprop=\"image\" class=\"center\" \/>\n\t\t\t\t<\/a>\t\t<\/div>\n\t\t\t\t\t\t\t\t<div class=\"wp-show-posts-entry-summary\" itemprop=\"text\">\n\t\t\t\t\t\t\t<p>Matemateando es un proyecto creado por estudiantes del Profesorado de Matem\u00e1tica bajo lineamientos del Profesor Minasso Agustin en la asignatura Matem\u00e1tica Aplicada, pertenecientes al Instituto de Formaci\u00f3n Docente 168 de&#8230;<\/p>\n\t\t\t\t\t\t<\/div><!-- .entry-summary -->\n\t\t\t\t\t<div class=\"wpsp-read-more\"><a title=\"Matemateando\" class=\"wp-show-posts-read-more\" href=\"https:\/\/isfd168-bue.infd.edu.ar\/sitio\/matemateando\/\">ver mas<\/a><\/div><\/div><!-- wp-show-posts-inner --><\/article><div class=\"wpsp-clear\"><\/div><\/section><!-- .wp-show-posts -->\n","protected":false},"excerpt":{"rendered":"<p>Estudia con nosotros: Nuestras producciones:<\/p>\n","protected":false},"author":1290,"featured_media":0,"parent":0,"menu_order":0,"comment_status":"closed","ping_status":"closed","template":"","meta":[],"acf":[],"_links":{"self":[{"href":"https:\/\/isfd168-bue.infd.edu.ar\/sitio\/wp-json\/wp\/v2\/pages\/879"}],"collection":[{"href":"https:\/\/isfd168-bue.infd.edu.ar\/sitio\/wp-json\/wp\/v2\/pages"}],"about":[{"href":"https:\/\/isfd168-bue.infd.edu.ar\/sitio\/wp-json\/wp\/v2\/types\/page"}],"author":[{"embeddable":true,"href":"https:\/\/isfd168-bue.infd.edu.ar\/sitio\/wp-json\/wp\/v2\/users\/1290"}],"replies":[{"embeddable":true,"href":"https:\/\/isfd168-bue.infd.edu.ar\/sitio\/wp-json\/wp\/v2\/comments?post=879"}],"version-history":[{"count":20,"href":"https:\/\/isfd168-bue.infd.edu.ar\/sitio\/wp-json\/wp\/v2\/pages\/879\/revisions"}],"predecessor-version":[{"id":1271,"href":"https:\/\/isfd168-bue.infd.edu.ar\/sitio\/wp-json\/wp\/v2\/pages\/879\/revisions\/1271"}],"wp:attachment":[{"href":"https:\/\/isfd168-bue.infd.edu.ar\/sitio\/wp-json\/wp\/v2\/media?parent=879"}],"curies":[{"name":"wp","href":"https:\/\/api.w.org\/{rel}","templated":true}]}}